.
18
Suppose 3*j - 38 = 5*j. Let g = 19 + j. Suppose 2*a - 3*a - 2 = g. Let x(l) = -3*l - 1. Calculate x(a).
5
Let t(j) = j**2 - 18*j - 96. Let v(h) = -2*h**2 + 33*h + 188. Let x(g) = 13*t(g) + 7*v(g). Calculate x(-9).
14
Let k(f) = 295*f**2 - 418*f - 573. Let n(s) = 22*s**2 - 32*s - 44. Let z(y) = 2*k(y) - 27*n(y). Give z(8).
10
Suppose -3 + 9 = -3*i. Let x(z) be the second derivative of -z**4/12 + 2*z**2 - 29*z. Let t(y) be the first derivative of x(y). Give t(i).
4
Suppose -6*x + u = -3*x - 4, -4*x + 3*u = 3. Let q be x + 12/(-4) + 4/1. Let i(k) = -3*k - 2. Let w(b) = 5*b + 4. Let t(h) = 7*i(h) + 4*w(h). Determine t(q).
-2
Let v(l) = -32*l - 124. Let k(x) = -22*x - 86. Let y(s) = 13*k(s) - 9*v(s). Let b be (0 - -1)/(1/5). Determine y(b).
8
Let m(p) = -p**3 + 9*p**2 + 9*p - 9. Let w be m(10). Let f be (w - -9) + (-4)/(-2). Let b(q) = q**2 + 7*q + 1. What is b(f)?
9
Let i be ((-460)/130)/23 + 238/26. Let y(g) = 11*g - 17*g - 5 + g**2 - 6. Determine y(i).
16
Let a(i) = 34*i + 3. Let r(x) = -9*x + 2. Let f(z) = -a(z) - 3*r(z). Give f(1).
-16
Let m(t) = -t**3 + 7*t**2 + 23*t - 17. Let v be (-28268)/(-3108) + 4/(-42). Calculate m(v).
28
Let y(f) = -4*f**3 - 3*f**2 - 6*f - 1. Let z(n) = 29*n**3 + 22*n**2 + 45*n + 8. Let g(i) = 15*y(i) + 2*z(i). Calculate g(-3).
46
Let o(p) = p**2 - p - 1. Let y = -27 - -29. Let u(c) = -31*c**2 + c + 3. Let q(b) = y*o(b) + u(b). Calculate q(1).
-29
Let g = -74 + 77. Suppose 2*o + 0 = 4. Let s(x) = x - x + 5*x + o - 4*x. What is s(g)?
5
Let w(o) = -191 - 20522*o + 8*o**2 + 10259*o - o**3 + 10283*o. Give w(7).
-2
Let m(b) = -b**2 + 25*b + 3. Let j be m(25). Suppose -32 = 3*q - s, -4*s = j*q - 7 + 14. Let c(l) = 2*l + 10. What is c(q)?
-8
Let d(y) = 2*y**3 - 9*y + 1. Let z(r) = 7*r**3 + 11*r**2 - 37*r + 10. Let v(j) = 3*d(j) - z(j). Determine v(-12).
17
Let b(t) be the first derivative of 11*t - 1/2*t**2 + 47. Calculate b(11).
0
Let k = 253 + -251. Let t(p) = -58 + 32 + p**k + 36 + 9*p. Calculate t(-7).
-4
Let s(n) be the second derivative of n**6/120 + n**5/20 + n**4/8 + 175*n**3/6 - 19*n - 1. Let a(f) be the second derivative of s(f). Determine a(-2).
3
Let g(x) = x**2 + 21*x - 6700. Let w be g(-93). Let c(j) be the third derivative of j**4/24 + 5*j**3/6 + j**2. What is c(w)?
1
Let t(l) = l + 7. Let b be -7*(2 - (-20)/(-7)). Let k(p) = 8*p - 21. Let u(n) = 5*n - 16. Let v(s) = -2*k(s) + 3*u(s). Let r(i) = b*v(i) + 5*t(i). Give r(-7).
6
Let z(q) = -q**3 - 6*q**2 - 11*q - 29. Let k(d) = -3*d**3 - 18*d**2 - 29*d - 84. Let a(p) = -6*k(p) + 17*z(p). What is a(-8)?
-13
Suppose q - 10659 = -3*d - 10693, q + 2*d + 25 = 0. Let x be 5/((-5)/(-8)) + -1. Let b(a) = -3 + x*a - 1 + a**2 + 3. Calculate b(q).
-1
Let r = 3430 + -3437. Let w(t) be the second derivative of t**4/12 + 7*t**3/6 + 3*t**2 + 3*t. Give w(r).
6
Let i(q) = -q**2 - 11*q + 44. Let a be 3*(-6)/((-18)/(-7))*2. Give i(a).
2
Let p = -3322 + 3336. Let c(k) = k**2 - 17*k + 48. What is c(p)?
6
Let s(p) = 10*p. Let t be ((-32)/32)/((-1)/4). Calculate s(t).
40
Let y(i) = -3*i + 61. Suppose 24*q + 9*q = 7*q + 468. Determine y(q).
7
Let i(m) be the first derivative of -5*m**2/2 - 44*m + 2394. Calculate i(-11).
11
Let x(j) be the second derivative of 1/2*j**2 - 1/6*j**4 + 10*j + 0 - 1/6*j**3. Determine x(3).
-20
Let i(t) = -t**2 - 3 - t + 0*t**2 + 3*t. Let o be (-6)/4 - (-9)/(72/20). Let d(r) = 3*r**3 + 2*r**2 - r. Let b be d(o). Determine i(b).
-11
Let l(k) = 22*k - 15 - 21*k + 4 - 8. Let f be (-3)/(-1) + (-38 - -16 - -25). What is l(f)?
-13
Let g(i) = i**3 + 4*i**2 + 4*i - 5. Let s be (42/(-35))/((-4)/(-40)*1*4). Give g(s).
-8
Let y(d) be the second derivative of 11*d**3/3 - 2*d. Let r(q) = -7*q**2 - 5*q - 34. Let l be r(7). Let g = l - -411. Give y(g).
-22
Let g(n) = -n**3 + 2*n**2 - 4. Let k = -3594 - -3596. Give g(k).
-4
Let t(j) = 163 - 186 + 15*j + 12*j - 36*j + 12*j. Calculate t(6).
-5
Let z = -46 - -60. Let k = z - 26. Let t = 11 + k. Let l(h) = -13*h**3 - h. What is l(t)?
14
Suppose 3*q + m = -0*m + 445, -4*m = 20. Suppose -14*h = -4 - q. Let p(a) = 10 - 1 + 2*a + h*a - 11*a. What is p(-7)?
-5
Let f(k) = 8*k**2 - 8*k - 3. Let x be f(-2). Let d be x/18*24/(-15). Let g(l) = 3*l + 1. What is g(d)?
-11
Suppose -103*d - 9 = -106*d. Let z(a) = -4*a + 7. Let l(x) = 8*x - 15. Let i(y) = d*l(y) + 7*z(y). Give i(5).
-16
Let i(t) = 3*t**2 - 18*t - 17. Let o be (-24)/(-16)*8/(-21) + (-15)/35. Determine i(o).
4
Let r(l) = l**3 - 5*l**2 + 2*l + 1. Suppose 0 = 7*z - 414 - 286. Let f = z - 97. What is r(f)?
-11
Let j(d) = d**3 + 9*d**2 - d - 11. Suppose 0 = -48*f + 54*f - 246. Suppose 4*b + 2*o + 42 = 0, 3*b = -5*o - f - 1. What is j(b)?
-2
Let y be (0 + 1)/(-7 - (-2769)/390). Let q(b) = b**2 - 9*b - 29. Give q(y).
-19
Let k be 2*((-759)/(-22))/23. Let c(t) = -5*t + t**2 + t**2 - t**3 + 4*t**2 + 2 - 3*t**2. Determine c(k).
-13
Let h(z) = -12*z + 4*z**2 + z**3 - 3 - 9*z**2 - 5*z**2. Let m(o) = -54*o + 2927. Let i be m(54). What is h(i)?
-14
Suppose 0 = 17*b - 218 + 116. Let w(k) be the second derivative of k**3/3 - 7*k**2/2 + 13*k. Determine w(b).
5
Let y(i) = -5*i - 9. Let u be (15 + -16)/((4/6)/2). Let j(m) = -2*m - 1. Let n(o) = u*j(o) + y(o). Suppose 0 = -5*v - 10, 4*h - 28 = 3*v - v. Calculate n(h).
0
Suppose 8 = -2*y - 0*y. Let d(m) be the third derivative of 1/120*m**6 + 1/12*m**5 + 0*m + 5/6*m**3 + 0 + 1/6*m**4 + 35*m**2. What is d(y)?
5
Let k be -4 - (-2 + 28/(-6) + (-68)/51). Let v(q) = q**3 - 8*q**2 - 5*q - 1. Give v(k).
-85
Let f(w) be the third derivative of w**4/8 - 37*w**3/6 - 9517*w**2. What is f(17)?
14
Let t(n) be the first derivative of -n**3/3 - 5*n**2 + 20*n - 5988. Determine t(-9).
29
Let q(p) = -4*p + 9. Suppose -4*h = 5*c - 5 - 30, -3*c = -5*h + 16. Suppose 2*r + v = 3, 4*r + 4 + h = -5*v. Calculate q(r).
-7
Let z be ((-168)/(-98))/(-2 - (-30)/14). Suppose -60 = -5*l - 5*h, -2*l = 4*h + z - 46. Let r(y) = y**2 - 4*y + 2. Calculate r(l).
23
Let j(r) = -117*r + r**3 + 13518*r**2 - 1 - 6714*r**2 - 6768*r**2. Determine j(-39).
-1
Let g(j) = 14*j**3 - 18*j**2 - 18*j + 15. Let c(b) = -10 + 8*b - 14*b + 25 - 10 - 6*b**2 + 5*b**3. Let v(n) = 17*c(n) - 6*g(n). What is v(-5)?
-10
Let o = -9606 + 9608. Let t(k) be the third derivative of -3/8*k**4 + 1/60*k**5 + 0*k - 10*k**o + 0 + 2/3*k**3. Give t(9).
4
Let j(a) be the first derivative of -a**3/6 + 19*a**2/2 - 32*a - 78. Let v(c) be the first derivative of j(c). Give v(16).
3
Let q(k) = -4*k**2 - 2. Let v be (1/16)/(80/1280). Give q(v).
-6
Suppose 0 = 4*m + o - 1 - 11, 28 = 5*m - 2*o. Suppose 5 = 5*t + 20, 3*t + m = -g. Let l(w) = w**3 - 4*w**2 - w. Give l(g).
20
Let z(c) = 5*c**2 - 9*c + 2. Let n(t) = -t**2. Let f(p) = -4*n(p) - z(p). Let y(o) = 11*o + 53. Let u be y(-4). Give f(u).
-2
Let i(w) = w**2 - w - 44. Let k be i(-16). Suppose p - k = -216. Let s(j) = -j**2 + 11*j + 19. What is s(p)?
7
Let a = 9 + -34. Let x(u) = -u**3 - 25*u**2 + 1. Let n be x(a). Let y(t) = 11*t**3 + t**2 - t + 1. Determine y(n).
12
Let t be -4*(6/4 - (14 - 13)). Let j(v) = -2*v + 2. Let h(q) = q**2 + 1. Let f(y) = 3*h(y) - j(y). Give f(t).
9
Let q = 2 - 5. Let d(z) = -3*z**2 - 6*z + 163. Let g(x) = -6*x**2 - 11*x + 273. Let b(y) = 5*d(y) - 3*g(y). Determine b(q).
14
Let f = -3425 + 3433. Let m(w) = -3*w + 28. Determine m(f).
4
Let o(f) = 15*f**2 - 9 - 32*f**3 + 342*f - 314*f + 30*f**3. What is o(9)?
0
Let t(w) = 6*w**2. Suppose 2*s = 2*a - 16, -10 = -13*a + 17*a + 3*s. Determine t(a).
24
Let v(r) = r + 22. Let o be v(-22). Let j(g) be the first derivative of -g**4/4 + g**3/3 + g**2/2 + 9*g - 3. Give j(o).
9
Let k(m) be the third derivative of -68*m**2 + 0*m + 0 + 1/20*m**5 + 1/24*m**4 - 1/120*m**6 + 1/3*m**3. Give k(2).
8
Let x(a) = -3*a - 11. Let r(c) = c + 3. Let i(b) = 9*r(b) + 2*x(b). Suppose 55*f = -168*f - 65*f - 1152. Give i(f).
-7
Let m(n) = -77*n**2 + 2*n + 10. Let p(j) = 13*j**2 - j - 1. Let y(i) = m(i) + 6*p(i). Give y(4).
4
Let a(g) = 7*g + 82. Let q(j) = -9. Let c(d) = -a(d) - 6*q(d). Give c(-4).
0
Suppose 5*a + 4*p = -74 - 40, -60 = 3*a + p. Let w(f) = -f**3 - 16*f**2 + 37*f - 6. Give w(a).
-24
Let d = -618 + 606. Let r(h) = 11 + 9 + h - 7. Give r(d).
1
Let i(y) = -1157 + 211*y + 214*y + 1352 - 434*y. Calculate i(20).
15
Let g(u) = u + 3. Let z(y) = y**3 - 2*y**2 - 4*y. Let c be z(0). What is g(c)?
3
Let d(g) = -193*g +